{"id":1278,"date":"2021-03-23T19:15:21","date_gmt":"2021-03-23T22:15:21","guid":{"rendered":"https:\/\/labrv.uchilefau.cl\/?page_id=1278"},"modified":"2023-11-16T11:16:13","modified_gmt":"2023-11-16T14:16:13","slug":"publications","status":"publish","type":"page","link":"https:\/\/labrv.uchilefau.cl\/?page_id=1278","title":{"rendered":"Publications"},"content":{"rendered":"\n<ul class=\"wp-block-list\">\n<li><strong>Enhancing Spatial Skills and Blueprint Reading in Construction Workers with Low-Cost Virtual Reality Equipment<\/strong><br>Retamal, M. y LOYOLA, M. (2023)<br>XXVII Congreso Internacional de Grafica Digital, Sociedad Iberoamericana de Grafica Digital (SIGraDi). 29 noviembre \u2013 1 diciembre, Punta del Este, Uruguay. [Aceptado]<\/li>\n<\/ul>\n\n\n\n<hr class=\"wp-block-separator has-alpha-channel-opacity\"\/>\n\n\n\n<ul class=\"wp-block-list\">\n<li><strong>Virtual reality for design and architecture: An undergraduate teaching experience<\/strong><br>Mosquera, L. y ROSSI, B. (2023)<br>3\u00b0 Congreso Latinoamericano de Morfolog\u00eda ALEPH.<br>8-9-10 de noviembre 2023, Santiago Chile. [Aceptado]<\/li>\n<\/ul>\n\n\n\n<hr class=\"wp-block-separator has-css-opacity\"\/>\n\n\n\n<ul class=\"wp-block-list\">\n<li><strong>Assessing Human Factors in the Design of the Built Environment by Mixed Realities<\/strong><br>Eloy, S., y LOYOLA, M. (Eds.) (2022)<br>Applied Ergonomics, Special Issue August 2022 (WoS SCIE, Scopus) ISSN: 0003-6870<br><a href=\"https:\/\/www.sciencedirect.com\/journal\/applied-ergonomics\/special-issue\/1062LD90BVS\" target=\"_blank\" rel=\"noreferrer noopener\">https:\/\/www.sciencedirect.com\/journal\/applied-ergonomics\/special-issue\/1062LD90BVS<\/a><\/li>\n<\/ul>\n\n\n\n<hr class=\"wp-block-separator has-css-opacity\"\/>\n\n\n\n<ul class=\"wp-block-list\">\n<li><strong>Evaluating spatial perception in virtual reality environments<\/strong><br>Viran, F. y LOYOLA, M. (2022)<br>XXVI Congreso Internacional de Grafica Digital, Sociedad Iberoamericana de Grafica Digital (SiGraDi). 9-11noviembre, Lima, Per\u00fa.<br>En: Herrera, P., Dreifuss.Serrano,C, Arris, F., y Gomez, P. (2022). SIGraDi 2022. Critical Appropriations. Lima: Universidad Peruana de Ciencias Aplicadas (UPC). ISBN: 978-612-318-444-5.<br><a href=\"http:\/\/dx.doi.org\/10.19083\/978-612-318-444-5\" target=\"_blank\" rel=\"noreferrer noopener\">http:\/\/dx.doi.org\/10.19083\/978-612-318-444-5<\/a><\/li>\n<\/ul>\n\n\n\n<hr class=\"wp-block-separator has-css-opacity\"\/>\n\n\n\n<ul class=\"wp-block-list\">\n<li><strong>Wayfinding Virtual: Comparaci\u00f3n del comportamiento de orientaci\u00f3n y navegaci\u00f3n en espacios construidos versus espacios virtuales.<\/strong><br>BASAURE, Tannia, CAMPOS, Maria Paz, y LOYOLA, Mauricio (2020).<br>XXIV Congreso Internacional de Gr\u00e1fica Digital (SiGraDi), 16-20 Noviembre, Medell\u00edn, Colombia. <br>En: Blucher Design Proceedings, Vol. 8, Num. 4., pp. 528-533. (ISSN 2318-6968) <a rel=\"noreferrer noopener\" href=\"https:\/\/doi.org\/10.5151\/sigradi2020-73\" target=\"_blank\">https:\/\/doi.org\/10.5151\/sigradi2020-73<\/a><\/li>\n<\/ul>\n\n\n\n<hr class=\"wp-block-separator has-css-opacity\"\/>\n\n\n\n<ul class=\"wp-block-list\">\n<li><strong>Use of Virtual Reality in Participatory Design<\/strong><br>LOYOLA, Mauricio; ROSSI, Bruno; DAIBER, Max y MONTIEL, Constanza (2019). <br>37th eCAADe Conference y XXIII Congreso Internacional de Gr\u00e1fica Digital (SiGraDi), Oporto, Portugal, 9-13 Septiembre. <br>En: Blucher Design Proceedings, Vol. 7, Num. 1., pp. 1215-1220. (ISSN 2318-6968)<br><a rel=\"noreferrer noopener\" href=\"https:\/\/doi.org\/10.5151\/proceedings-ecaadesigradi2019_156\" target=\"_blank\">https:\/\/doi.org\/10.5151\/proceedings-ecaadesigradi2019_156<\/a><\/li>\n<\/ul>\n\n\n\n<hr class=\"wp-block-separator has-css-opacity\"\/>\n\n\n\n<ul class=\"wp-block-list\">\n<li><strong>The Influence of the Availability of Visual Cues on the Accurate Perception of Spatial Dimensions in Architectural Virtual Environments.<\/strong><br>LOYOLA, Mauricio (2018).<br>Virtual Reality, Vol. 22, Num. 3, pp. 235-243. ISSN: 1434-9957.<br><a rel=\"noreferrer noopener\" href=\"https:\/\/doi.org\/10.1007\/s10055-017-0331-2\" target=\"_blank\">https:\/\/doi.org\/10.1007\/s10055-017-0331-2<\/a><\/li>\n<\/ul>\n\n\n\n<hr class=\"wp-block-separator has-css-opacity\"\/>\n\n\n\n<ul class=\"wp-block-list\">\n<li><strong>Realidad Virtual como medio de representaci\u00f3n de la experiencia espacial: Su uso en el dise\u00f1o participativo. <\/strong><br>MONTIEL, Constanza y LOYOLA, Mauricio (2016).<br>XX Congreso Internacional de Gr\u00e1fica Digital (SiGraDi), 9-11 Noviembre, Buenos Aires, Argentina. En: Blucher Design Proceedings, Vol. 3, Num. 1., pp. 590-594 (ISSN 2318-6968) <a rel=\"noreferrer noopener\" href=\"https:\/\/doi.org\/10.5151\/despro-sigradi2016-408\" target=\"_blank\">https:\/\/doi.org\/10.5151\/despro-sigradi2016-408<\/a><\/li>\n<\/ul>\n\n\n\n<hr class=\"wp-block-separator has-css-opacity\"\/>\n\n\n\n<ul class=\"wp-block-list\">\n<li><strong>Uso de realidad virtual y BIM en la simulaci\u00f3n de obras de arquitectura y construcci\u00f3n. <\/strong><br>LOYOLA, Mauricio y DAIBER, Max (2014).<br>I Congreso Latinoamericano de BIM, 28-29 Octubre, Santiago, Chile.<\/li>\n<\/ul>\n\n\n\n<hr class=\"wp-block-separator has-css-opacity aligncenter\"\/>\n\n\n\n<ul class=\"wp-block-list\">\n<li><strong>Carta al editor<\/strong><br>WOLFF, Cecilia (2019)<br>Revista de otorrinolaringolog\u00eda y cirug\u00eda de cabeza y cuello, 70 (4), 493-494<br><a rel=\"noreferrer noopener\" href=\"http:\/\/dx.doi.org\/10.4067\/S0718-48162019000400493\" target=\"_blank\">http:\/\/dx.doi.org\/10.4067\/S0718-48162019000400493&nbsp;<\/a><\/li>\n<\/ul>\n\n\n\n<hr class=\"wp-block-separator has-alpha-channel-opacity\"\/>\n\n\n\n<hr class=\"wp-block-separator has-alpha-channel-opacity\"\/>\n","protected":false},"excerpt":{"rendered":"","protected":false},"author":2,"featured_media":0,"parent":0,"menu_order":0,"comment_status":"closed","ping_status":"closed","template":"","meta":{"_uag_custom_page_level_css":"","pgc_sgb_lightbox_settings":"","footnotes":""},"class_list":["post-1278","page","type-page","status-publish","hentry"],"uagb_featured_image_src":{"full":false,"thumbnail":false,"medium":false,"medium_large":false,"large":false,"1536x1536":false,"2048x2048":false,"twentyseventeen-featured-image":false,"twentyseventeen-thumbnail-avatar":false,"wpvr_mobile":false},"uagb_author_info":{"display_name":"Mauricio Loyola","author_link":"https:\/\/labrv.uchilefau.cl\/?author=2"},"uagb_comment_info":0,"uagb_excerpt":null,"_links":{"self":[{"href":"https:\/\/labrv.uchilefau.cl\/index.php?rest_route=\/wp\/v2\/pages\/1278","targetHints":{"allow":["GET"]}}],"collection":[{"href":"https:\/\/labrv.uchilefau.cl\/index.php?rest_route=\/wp\/v2\/pages"}],"about":[{"href":"https:\/\/labrv.uchilefau.cl\/index.php?rest_route=\/wp\/v2\/types\/page"}],"author":[{"embeddable":true,"href":"https:\/\/labrv.uchilefau.cl\/index.php?rest_route=\/wp\/v2\/users\/2"}],"replies":[{"embeddable":true,"href":"https:\/\/labrv.uchilefau.cl\/index.php?rest_route=%2Fwp%2Fv2%2Fcomments&post=1278"}],"version-history":[{"count":4,"href":"https:\/\/labrv.uchilefau.cl\/index.php?rest_route=\/wp\/v2\/pages\/1278\/revisions"}],"predecessor-version":[{"id":1352,"href":"https:\/\/labrv.uchilefau.cl\/index.php?rest_route=\/wp\/v2\/pages\/1278\/revisions\/1352"}],"wp:attachment":[{"href":"https:\/\/labrv.uchilefau.cl\/index.php?rest_route=%2Fwp%2Fv2%2Fmedia&parent=1278"}],"curies":[{"name":"wp","href":"https:\/\/api.w.org\/{rel}","templated":true}]}}